sor of 27 and d?
3
Let t = -56 - -191. Suppose -4*c + 57 = a, 4*c - 7 - 41 = -4*a. Calculate the highest common factor of c and t.
15
Suppose 3*i - 4*i = -3. Suppose -4*c + i*s = -80 + 2, -2*c + 38 = -2*s. What is the highest common divisor of 3 and c?
3
Suppose 2*z = 2*l - 30, -z - 75 = -4*l - 24. Let c = 20 + -4. Suppose 5*f - 52 = 2*a, 5*a - c = a. What is the highest common factor of l and f?
12
Suppose -18 - 342 = -3*c. What is the greatest common factor of c and 40?
40
Let i = 46 + -36. Suppose 0 = -5*s - 2*c + 400, -155 = -3*s - 2*c + 85. Calculate the greatest common factor of s and i.
10
Let r = 2 - -6. Let s = 12 - 4. Calculate the highest common factor of r and s.
8
Let p = -2 - -11. Calculate the highest common divisor of 72 and p.
9
Let t(q) be the second derivative of q**3/3 - 4*q**2 + q. Let y be t(7). Let f be -2 - -1*y - 1. What is the highest common factor of 24 and f?
3
Suppose 3*g = 3, -3*j - 2*j + 4*g = -546. What is the greatest common factor of 10 and j?
10
Suppose 2*m - 490 = -5*a, -a - 172 = -3*a + 4*m. Calculate the greatest common factor of 12 and a.
12
Let y be (6 + (2 - 0))/1. Let t be 2/y - (-21)/12. Suppose -t*a = -3 - 5. Calculate the highest common divisor of 8 and a.
4
Suppose 2*s - 37 = -5*p, -4*p - 16 = 5*s - 49. Suppose -2*l + p = -9. Let y(x) = x**2 - x. Let v be y(4). Calculate the highest common factor of l and v.
4
Suppose 0*j = j - 2. Suppose j*w - w = 3. Suppose 0 = w*l - 2 - 13. Calculate the highest common divisor of 1 and l.
1
Let w = 10 - 16. Let n be 36/30*(-80)/w. Suppose 2*m - 320 = -0*m. What is the greatest common factor of m and n?
16
Suppose -73 = -5*g + 197. Calculate the greatest common factor of 135 and g.
27
Let g(z) = -2*z**3 + z - 3. Let y be g(-3). Calculate the greatest common divisor of 6 and y.
6
Suppose -4*g = g + 3*z - 129, 0 = 3*g + 5*z - 71. What is the greatest common factor of 135 and g?
27
Suppose a + 6 = -a. Let b(n) = -2*n**2 - 5*n + 3. Let o be b(-4). Let u = a - o. Calculate the greatest common divisor of 30 and u.
6
Let h be 180*(1/(-2))/(-1). Let n = -56 - -66. What is the highest common factor of h and n?
10
Let i = 5 - 0. Suppose -i*m + 23 - 82 = -3*g, g + m - 17 = 0. What is the greatest common divisor of g and 144?
18
Let t(z) = 15*z + 1. Suppose 4*j + 19 = 3*g, 4*g = -2*j + 1 - 5. Let c be t(g). Let i be 5/(-25) - 42/(-10). What is the highest common factor of c and i?
4
Let r be 0 - -3 - (-101 + -1). Suppose -6*c = -c + r. Let t be (-18)/(-4)*(-280)/c. What is the highest common divisor of t and 20?
20
Let b(c) = c**3 + 7*c**2 - 8*c + 9. Let q be b(-8). Let n be 32/2 + (-18)/q. Calculate the highest common factor of n and 42.
14
Let z be (70/(-21))/((-2)/15). Calculate the greatest common factor of z and 275.
25
Suppose -23 = -8*j + 33. Calculate the greatest common factor of j and 1.
1
Let b be 5 - -107*(-1 + 2). Calculate the greatest common divisor of 14 and b.
14
Suppose 2*q - 88 = -0*q. Suppose -3*h = -i - 33, -4*h + 3*i + q = -0*i. Calculate the greatest common divisor of h and 77.
11
Let v(z) = -z + 165. Let j be v(0). Calculate the greatest common factor of j and 15.
15
Let y(m) = -m**3 - 11*m**2 - 19*m. Let u be y(-9). Calculate the greatest common factor of u and 3.
3
Let f be (1 + (-34)/8)/(1/(-4)). Let g = 3 - -10. What is the highest common factor of f and g?
13
Suppose -2*q - q = -288. What is the greatest common divisor of q and 12?
12
Let p be 4 + 12/(-3) + 5. Calculate the greatest common divisor of p and 2.
1
Let n(r) = 35*r - 13. Let j be n(5). Calculate the highest common divisor of j and 18.
18
Let k be (1 - (0 - 2))/(12/260). What is the highest common factor of 26 and k?
13
Suppose 0 = -5*y - 21 + 26. Suppose -n = 2*n - 9. What is the highest common divisor of n and y?
1
Suppose -3*k + 4*n + 39 = -80, 2*n = -3*k + 89. Calculate the highest common factor of k and 264.
33
Let t(c) = c**3 + 3*c**2 - 5*c + 1. Let l be t(3). What is the highest common divisor of l and 120?
40
Let g(f) = -f**2 - 11*f - 6. Let v(m) = m - 1. Let z(d) = g(d) + 2*v(d). Let r be z(-5). Calculate the greatest common divisor of 60 and r.
12
Suppose -3*s = -2 - 1. Let g(i) be the first derivative of 9*i**4/4 - i**3/3 + i**2 - i + 1. Let x be g(s). What is the highest common divisor of 18 and x?
9
Suppose y - 114 = -24. Calculate the highest common divisor of y and 15.
15
Suppose 5*q - o - 43 = 3*o, -q - 5*o = -26. What is the highest common divisor of 88 and q?
11
Let m(b) = -29 - 25 - 22 + 27 + b**2. Let q be m(0). Let d = 55 - q. Calculate the greatest common divisor of d and 13.
13
Suppose 0 = 5*v + 6 - 46. Suppose -n - 2 + v = 0. Calculate the highest common divisor of n and 66.
6
Suppose x - 75 + 20 = 0. What is the highest common divisor of x and 5?
5
Let j be (-2 - -1)/(-1 - 0). Suppose -7 = 2*o + j. Let b = 7 + o. Calculate the highest common divisor of b and 27.
3
Let s be (-36)/2*(-4)/3. Suppose s = -2*m - m. Let t be 1*(6*m)/(-2). What is the greatest common factor of t and 16?
8
Let k = -10 + 21. Let p = k - 7. What is the highest common divisor of 4 and p?
4
Let j be (-2196)/78 + 6/39. Let a = j - -48. What is the highest common divisor of a and 50?
10
Suppose 3*c - 8*c + u = -5, -4*c + u = -3. Calculate the highest common divisor of 10 and c.
2
Let j = -3 - 2. Let r(q) = -5*q + 3. Let c be r(j). What is the greatest common divisor of 4 and c?
4
Suppose 4*b - 3*p = -5*p + 20, 3*p - 21 = -3*b. What is the highest common divisor of b and 2?
1
Suppose 0*i = 5*i - 5. Suppose -3*l = -6*l - 117. Let r be 1/(-4) + l/(-12). What is the highest common divisor of i and r?
1
Suppose 4*b = -3*n - 3 + 70, -4*n - 12 = 0. Let q = 123 - -86. Calculate the greatest common factor of b and q.
19
Suppose -4*w - 36 = -4*x, 0 = -3*x - 0*w - 2*w + 22. Calculate the highest common divisor of 8 and x.
8
Suppose -12 = -w - 3*w, a + 5*w = 19. Let v = 14 - 14. Let o be 6 - v*(-2)/6. Calculate the highest common factor of o and a.
2
Suppose 0 = -z - 4*z + 275. Let x = -1 + z. Let g be (-1)/((7/x)/(-7)). Calculate the highest common divisor of g and 6.
6
Let r = -8 - -10. Suppose -46 = -4*a + r*a. Calculate the highest common divisor of 230 and a.
23
Suppose -3*v + 3*z + 858 = -0*z, -4*v + 5*z + 1142 = 0. Suppose -p - 7*p = -v. What is the greatest common factor of 180 and p?
36
Let r(g) = 9*g - 1. Let n be r(1). Suppose -2*o + 30 = n. Let b(i) = -18*i + 5. Let j be b(-4). Calculate the greatest common factor of o and j.
11
Suppose 3*r = -2*v + 123 + 144, 4*v = 5*r - 467. Calculate the greatest common divisor of r and 13.
13
Let r(d) = 3*d**2 - d + 2 - 2*d**2 + 7*d. Let g be r(-9). What is the greatest common factor of g and 261?
29
Suppose v + 2*b - 115 = 6*b, 5*b = 4*v - 471. What is the greatest common factor of 7 and v?
7
Let k be (-4)/(-14) - 1683/(-63). What is the greatest common divisor of k and 3?
3
Let d be -5*1*(-17 + 0/3). Calculate the greatest common factor of d and 5.
5
Let v be 7*1/(14/24). Suppose 3*s + 3*n - 30 = -0*s, 4*n - 32 = -3*s. Calculate the greatest common factor of v and s.
4
Let w(b) = b**3 + 3*b**2 - 5*b - 3. Let l be w(-4). Suppose 0 = -5*z + l + 14. What is the greatest common divisor of 33 and z?
3
Suppose h + 3*z - 23 = 2*h, 0 = h - 4*z + 22. Let n = h + 46. Calculate the greatest common factor of 160 and n.
20
Let j = -18 - -18. Let s(i) = -2*i**2 - i + 12. Let n be s(j). Calculate the highest common factor of 96 and n.
12
Let z(v) = 7*v - 25. Let r be z(9). What is the greatest common factor of r and 114?
38
Let q = 50 - 32. Calculate the highest common factor of q and 9.
9
Let a = 21 + -15. Let x = -38 - -62. Calculate the highest common divisor of x and a.
6
Let l(i) = 15*i + 5. Let s be l(1). Calculate the highest common divisor of s and 4.
4
Let g(m) = m**3 - 4*m**2 - 5*m - 16. Let i be g(6). Suppose -60 + 25 = -u - j, -2*j - 203 = -5*u. What is the highest common divisor of u and i?
13
Let o(a) = a**3 + 3*a**2 - 4*a + 4. Let c be o(-4). Let f be (1 + 11)*(-1 + 2). What is the greatest common divisor of c and f?
4
Suppose 4*a - 2*a = 6. Suppose 0 = -i + 2*g - 106, a*i + 327 = g + 2*g. Let d = -72 - i. What is the highest common factor of d and 5?
5
Let t = 38 + -13. What is the highest common divisor of t and 125?
25
Suppose -5*p - 32 + 7 = o